{"id":12,"date":"2022-04-25T22:13:49","date_gmt":"2022-04-25T22:13:49","guid":{"rendered":"https:\/\/festivalznanosti.uniri.hr\/2022\/?page_id=12"},"modified":"2022-05-04T21:31:42","modified_gmt":"2022-05-04T21:31:42","slug":"u-medijima","status":"publish","type":"page","link":"https:\/\/festivalznanosti.uniri.hr\/2022\/u-medijima\/","title":{"rendered":"U medijima"},"content":{"rendered":"<div class=\"post-content\">\n<figure class=\"wp-block-embed is-type-wp-embed is-provider-novi-list wp-block-embed-novi-list\"><div class=\"wp-block-embed__wrapper\">\n<blockquote class=\"wp-embedded-content\" data-secret=\"m4jIXisfvE\"><a href=\"https:\/\/www.novilist.hr\/rijeka-regija\/rijeka\/otvoreno-jubilarno-izdanje-rijeckog-festivala-znanosti\/\">Otvoreno jubilarno izdanje rije\u010dkog Festivala znanosti<\/a><\/blockquote><iframe class=\"wp-embedded-content\" sandbox=\"allow-scripts\" security=\"restricted\" style=\"position: absolute; clip: rect(1px, 1px, 1px, 1px);\" title=\"&#8220;Otvoreno jubilarno izdanje rije\u010dkog Festivala znanosti&#8221; &#8212; Novi list\" src=\"https:\/\/www.novilist.hr\/rijeka-regija\/rijeka\/otvoreno-jubilarno-izdanje-rijeckog-festivala-znanosti\/embed\/#?secret=m4jIXisfvE\" data-secret=\"m4jIXisfvE\" width=\"600\" height=\"338\" frameborder=\"0\" marginwidth=\"0\" marginheight=\"0\" scrolling=\"no\"><\/iframe>\n<\/div><\/figure>\n\n\n\n<p><a href=\"https:\/\/radio.hrt.hr\/slusaonica\/akademskih-kvarat-ure?epizoda=202205011935\">https:\/\/radio.hrt.hr\/slusaonica\/akademskih-kvarat-ure?epizoda=202205011935<\/a><\/p>\n\n\n\n<figure class=\"wp-block-embed is-type-wp-embed is-provider-grad-rijeka wp-block-embed-grad-rijeka\"><div class=\"wp-block-embed__wrapper\">\n<blockquote class=\"wp-embedded-content\" data-secret=\"5yN6RNfsZK\"><a href=\"https:\/\/www.rijeka.hr\/u-djecjoj-kuci-odrzano-otvorenje-20-festivala-znanosti\/\">U Dje\u010djoj ku\u0107i odr\u017eano otvorenje 20. Festivala znanosti<\/a><\/blockquote><iframe class=\"wp-embedded-content\" sandbox=\"allow-scripts\" security=\"restricted\" style=\"position: absolute; clip: rect(1px, 1px, 1px, 1px);\" title=\"&#8220;U Dje\u010djoj ku\u0107i odr\u017eano otvorenje 20. Festivala znanosti&#8221; &#8212; Grad Rijeka\" src=\"https:\/\/www.rijeka.hr\/u-djecjoj-kuci-odrzano-otvorenje-20-festivala-znanosti\/embed\/#?secret=5yN6RNfsZK\" data-secret=\"5yN6RNfsZK\" width=\"600\" height=\"338\" frameborder=\"0\" marginwidth=\"0\" marginheight=\"0\" scrolling=\"no\"><\/iframe>\n<\/div><\/figure>\n\n\n\n<figure class=\"wp-block-embed is-type-wp-embed is-provider-uniri wp-block-embed-uniri\"><div class=\"wp-block-embed__wrapper\">\n<blockquote class=\"wp-embedded-content\" data-secret=\"dLGBGIQdgb\"><a href=\"https:\/\/uniri.hr\/vijesti\/otvoren-jubilarni-20-festival-znanosti\/\">Otvoren jubilarni 20. Festival znanosti<\/a><\/blockquote><iframe class=\"wp-embedded-content\" sandbox=\"allow-scripts\" security=\"restricted\" style=\"position: absolute; clip: rect(1px, 1px, 1px, 1px);\" title=\"&#8220;Otvoren jubilarni 20. Festival znanosti&#8221; &#8212; UNIRI\" src=\"https:\/\/uniri.hr\/vijesti\/otvoren-jubilarni-20-festival-znanosti\/embed\/#?secret=dLGBGIQdgb\" data-secret=\"dLGBGIQdgb\" width=\"600\" height=\"338\" frameborder=\"0\" marginwidth=\"0\" marginheight=\"0\" scrolling=\"no\"><\/iframe>\n<\/div><\/figure>\n\n\n\n<figure class=\"wp-block-embed is-type-video is-provider-youtube wp-block-embed-youtube wp-embed-aspect-16-9 wp-has-aspect-ratio\"><div class=\"wp-block-embed__wrapper\">\n<iframe loading=\"lazy\" title=\"Otvoren Festival znanosti\" width=\"640\" height=\"360\" src=\"https:\/\/www.youtube.com\/embed\/HtRQ1QVSPU0?feature=oembed\" frameborder=\"0\" allow=\"accelerometer; autoplay; clipboard-write; encrypted-media; gyroscope; picture-in-picture\" allowfullscreen><\/iframe>\n<\/div><figcaption>2.5.2022.. Kanal ri<\/figcaption><\/figure>\n\n\n\n<p><\/p>\n\n\n\n<figure class=\"wp-block-embed is-type-wp-embed is-provider-uniri wp-block-embed-uniri\"><div class=\"wp-block-embed__wrapper\">\n<blockquote class=\"wp-embedded-content\" data-secret=\"MaXAJ0KO8Q\"><a href=\"https:\/\/uniri.hr\/vijesti\/najavljen-20-festival-znanosti-u-rijeci\/\">Najavljen 20. Festival znanosti u Rijeci<\/a><\/blockquote><iframe class=\"wp-embedded-content\" sandbox=\"allow-scripts\" security=\"restricted\" style=\"position: absolute; clip: rect(1px, 1px, 1px, 1px);\" title=\"&#8220;Najavljen 20. Festival znanosti u Rijeci&#8221; &#8212; UNIRI\" src=\"https:\/\/uniri.hr\/vijesti\/najavljen-20-festival-znanosti-u-rijeci\/embed\/#?secret=MaXAJ0KO8Q\" data-secret=\"MaXAJ0KO8Q\" width=\"600\" height=\"338\" frameborder=\"0\" marginwidth=\"0\" marginheight=\"0\" scrolling=\"no\"><\/iframe>\n<\/div><\/figure>\n\n\n\n<figure class=\"wp-block-embed is-type-wp-embed is-provider-novi-list wp-block-embed-novi-list\"><div class=\"wp-block-embed__wrapper\">\nhttps:\/\/www.novilist.hr\/rijeka-regija\/rijeka\/evo-sto-se-sprema-za-novi-rijecki-festival-znanosti\/\n<\/div><\/figure>\n\n\n\n<figure class=\"wp-block-embed is-type-wp-embed is-provider-riportal wp-block-embed-riportal\"><div class=\"wp-block-embed__wrapper\">\n<blockquote class=\"wp-embedded-content\" data-secret=\"Bqz2LfD7ro\"><a href=\"https:\/\/riportal.net.hr\/rijeka\/iduci-tjedan-u-rijeci-pocinje-20-festival-znanosti\/311784\/\">Idu\u0107i tjedan u Rijeci po\u010dinje 20. Festival znanosti<\/a><\/blockquote><iframe class=\"wp-embedded-content\" sandbox=\"allow-scripts\" security=\"restricted\" style=\"position: absolute; clip: rect(1px, 1px, 1px, 1px);\" title=\"&#8220;Idu\u0107i tjedan u Rijeci po\u010dinje 20. Festival znanosti&#8221; &#8212; Riportal\" src=\"https:\/\/riportal.net.hr\/rijeka\/iduci-tjedan-u-rijeci-pocinje-20-festival-znanosti\/311784\/embed\/#?secret=PID8qnajPH#?secret=Bqz2LfD7ro\" data-secret=\"Bqz2LfD7ro\" width=\"600\" height=\"338\" frameborder=\"0\" marginwidth=\"0\" marginheight=\"0\" scrolling=\"no\"><\/iframe>\n<\/div><\/figure>\n\n\n\n<p><a href=\"https:\/\/radio.hrt.hr\/radio-rijeka\/obrazovanje\/djecja-kuca-je-domacin-20-festivala-znanosti-u-rijeci-7019425\">https:\/\/radio.hrt.hr\/radio-rijeka\/obrazovanje\/djecja-kuca-je-domacin-20-festivala-znanosti-u-rijeci-7019425<\/a><\/p>\n\n\n\n<figure class=\"wp-block-embed is-type-wp-embed is-provider-grad-rijeka wp-block-embed-grad-rijeka\"><div class=\"wp-block-embed__wrapper\">\n<blockquote class=\"wp-embedded-content\" data-secret=\"wCJm42J9gv\"><a href=\"https:\/\/www.rijeka.hr\/najava-festivala-znanosti-rijeka-2022\/\">Najava Festivala znanosti Rijeka 2022.<\/a><\/blockquote><iframe class=\"wp-embedded-content\" sandbox=\"allow-scripts\" security=\"restricted\" style=\"position: absolute; clip: rect(1px, 1px, 1px, 1px);\" title=\"&#8220;Najava Festivala znanosti Rijeka 2022.&#8221; &#8212; Grad Rijeka\" src=\"https:\/\/www.rijeka.hr\/najava-festivala-znanosti-rijeka-2022\/embed\/#?secret=wCJm42J9gv\" data-secret=\"wCJm42J9gv\" width=\"600\" height=\"338\" frameborder=\"0\" marginwidth=\"0\" marginheight=\"0\" scrolling=\"no\"><\/iframe>\n<\/div><\/figure>\n\n\n\n<figure class=\"wp-block-embed is-type-wp-embed is-provider-grad-rijeka wp-block-embed-grad-rijeka\"><div class=\"wp-block-embed__wrapper\">\n<blockquote class=\"wp-embedded-content\" data-secret=\"bfxH8DSyGg\"><a href=\"https:\/\/www.rijeka.hr\/otvorenje-20-festivala-znanosti-rijeka\/\">Otvorenje 20. Festivala znanosti Rijeka<\/a><\/blockquote><iframe class=\"wp-embedded-content\" sandbox=\"allow-scripts\" security=\"restricted\" style=\"position: absolute; clip: rect(1px, 1px, 1px, 1px);\" title=\"&#8220;Otvorenje 20. Festivala znanosti Rijeka&#8221; &#8212; Grad Rijeka\" src=\"https:\/\/www.rijeka.hr\/otvorenje-20-festivala-znanosti-rijeka\/embed\/#?secret=bfxH8DSyGg\" data-secret=\"bfxH8DSyGg\" width=\"600\" height=\"338\" frameborder=\"0\" marginwidth=\"0\" marginheight=\"0\" scrolling=\"no\"><\/iframe>\n<\/div><\/figure>\n\n\n\n<figure class=\"wp-block-embed is-type-wp-embed is-provider-djecjakuca-hr wp-block-embed-djecjakuca-hr\"><div class=\"wp-block-embed__wrapper\">\n<blockquote class=\"wp-embedded-content\" data-secret=\"evqzTftO0K\"><a href=\"https:\/\/djecjakuca.hr\/festival-znanosti-2022-i-u-djecjoj-kuci-jer-znanost-od-malih-nogu-je-bolja-buducnost-za-sve-nas\/\">Festival znanosti 2022. i u Dje\u010djoj ku\u0107i: jer znanost od malih nogu je bolja budu\u0107nost za sve nas<\/a><\/blockquote><iframe class=\"wp-embedded-content\" sandbox=\"allow-scripts\" security=\"restricted\" style=\"position: absolute; clip: rect(1px, 1px, 1px, 1px);\" title=\"&#8220;Festival znanosti 2022. i u Dje\u010djoj ku\u0107i: jer znanost od malih nogu je bolja budu\u0107nost za sve nas&#8221; &#8212; djecjakuca.hr\" src=\"https:\/\/djecjakuca.hr\/festival-znanosti-2022-i-u-djecjoj-kuci-jer-znanost-od-malih-nogu-je-bolja-buducnost-za-sve-nas\/embed\/#?secret=YiL9Yy4MDu#?secret=evqzTftO0K\" data-secret=\"evqzTftO0K\" width=\"600\" height=\"338\" frameborder=\"0\" marginwidth=\"0\" marginheight=\"0\" scrolling=\"no\"><\/iframe>\n<\/div><\/figure>\n\n\n\n<p><a href=\"https:\/\/radio.hrt.hr\/radio-rijeka\/obrazovanje\/djecja-kuca-je-domacin-20-festivala-znanosti-u-rijeci-7019425\">https:\/\/radio.hrt.hr\/radio-rijeka\/obrazovanje\/djecja-kuca-je-domacin-20-festivala-znanosti-u-rijeci-7019425<\/a><\/p>\n\n\n\n<p><a href=\"https:\/\/www.rijekasport.hr\/hr\/novosti\/festival-znanosti-2022-u-astronomskom-centru-rijeka\/\">https:\/\/www.rijekasport.hr\/hr\/novosti\/festival-znanosti-2022-u-astronomskom-centru-rijeka\/<\/a><\/p>\n\n\n\n<p>Radio Rijeka, Kamo danas 2 (30.4.2022.)<\/p>\n\n\n\n<p>2.5.2022. Dobro jutro Hrvatska<\/p>\n\n\n\n<p>2.5.2022. Nova TV<\/p>\n\n\n\n<p>2.5.2022. Radio rijeka<\/p>\n\n\n\n<p>4.5.2022. Kanal Ri: u\u010dionica<\/p>\n\n\n\n<p>4.5.2022. Hrvatski radio &#8211; 1. program: Uvijek Prvi &#8211; obrazovanje i znanost<\/p>\n<\/div>","protected":false},"excerpt":{"rendered":"<p>https:\/\/radio.hrt.hr\/slusaonica\/akademskih-kvarat-ure?epizoda=202205011935 https:\/\/radio.hrt.hr\/radio-rijeka\/obrazovanje\/djecja-kuca-je-domacin-20-festivala-znanosti-u-rijeci-7019425 https:\/\/radio.hrt.hr\/radio-rijeka\/obrazovanje\/djecja-kuca-je-domacin-20-festivala-znanosti-u-rijeci-7019425 https:\/\/www.rijekasport.hr\/hr\/novosti\/festival-znanosti-2022-u-astronomskom-centru-rijeka\/ Radio Rijeka, Kamo danas 2 (30.4.2022.)<a href=\"https:\/\/festivalznanosti.uniri.hr\/2022\/u-medijima\/\" class=\"gutenlearn-readmore\">Read More<i class=\"fa fa-long-arrow-right\" aria-hidden=\"true\"><\/i><\/a><\/p>\n","protected":false},"author":1,"featured_media":0,"parent":0,"menu_order":0,"comment_status":"closed","ping_status":"closed","template":"","meta":{"_monsterinsights_skip_tracking":false,"_monsterinsights_sitenote_active":false,"_monsterinsights_sitenote_note":"","_monsterinsights_sitenote_category":0,"_themeisle_gutenberg_block_has_review":false,"footnotes":""},"yoast_head":"<!-- This site is optimized with the Yoast SEO plugin v20.5 - https:\/\/yoast.com\/wordpress\/plugins\/seo\/ -->\n<title>U medijima - Festival Znanosti, Rijeka 2022<\/title>\n<meta name=\"description\" content=\"Festival znanosti je manifestacija kojoj je cilj pribli\u017eiti znanost javnosti, odnosno informirati javnost o aktivnostima i rezultatima u podru\u010dju znanosti, pobolj\u0161ati javnu percepciju znanstvenika te motivirati mlade ljude za istra\u017eivanje i stjecanje novih znanja.\" \/>\n<meta name=\"robots\" content=\"index, follow, max-snippet:-1, max-image-preview:large, max-video-preview:-1\" \/>\n<link rel=\"canonical\" href=\"https:\/\/festivalznanosti.uniri.hr\/2022\/u-medijima\/\" \/>\n<meta property=\"og:locale\" content=\"hr_HR\" \/>\n<meta property=\"og:type\" content=\"article\" \/>\n<meta property=\"og:title\" content=\"U medijima - Festival Znanosti, Rijeka 2022\" \/>\n<meta property=\"og:description\" content=\"Festival znanosti je manifestacija kojoj je cilj pribli\u017eiti znanost javnosti, odnosno informirati javnost o aktivnostima i rezultatima u podru\u010dju znanosti, pobolj\u0161ati javnu percepciju znanstvenika te motivirati mlade ljude za istra\u017eivanje i stjecanje novih znanja.\" \/>\n<meta property=\"og:url\" content=\"https:\/\/festivalznanosti.uniri.hr\/2022\/u-medijima\/\" \/>\n<meta property=\"og:site_name\" content=\"Festival Znanosti, Rijeka 2022\" \/>\n<meta property=\"article:modified_time\" content=\"2022-05-04T21:31:42+00:00\" \/>\n<meta name=\"twitter:card\" content=\"summary_large_image\" \/>\n<meta name=\"twitter:label1\" content=\"Procijenjeno vrijeme \u010ditanja\" \/>\n\t<meta name=\"twitter:data1\" content=\"1 minuta\" \/>\n<script type=\"application\/ld+json\" class=\"yoast-schema-graph\">{\"@context\":\"https:\/\/schema.org\",\"@graph\":[{\"@type\":\"WebPage\",\"@id\":\"https:\/\/festivalznanosti.uniri.hr\/2022\/u-medijima\/\",\"url\":\"https:\/\/festivalznanosti.uniri.hr\/2022\/u-medijima\/\",\"name\":\"U medijima - Festival Znanosti, Rijeka 2022\",\"isPartOf\":{\"@id\":\"https:\/\/festivalznanosti.uniri.hr\/2022\/#website\"},\"datePublished\":\"2022-04-25T22:13:49+00:00\",\"dateModified\":\"2022-05-04T21:31:42+00:00\",\"description\":\"Festival znanosti je manifestacija kojoj je cilj pribli\u017eiti znanost javnosti, odnosno informirati javnost o aktivnostima i rezultatima u podru\u010dju znanosti, pobolj\u0161ati javnu percepciju znanstvenika te motivirati mlade ljude za istra\u017eivanje i stjecanje novih znanja.\",\"breadcrumb\":{\"@id\":\"https:\/\/festivalznanosti.uniri.hr\/2022\/u-medijima\/#breadcrumb\"},\"inLanguage\":\"hr\",\"potentialAction\":[{\"@type\":\"ReadAction\",\"target\":[\"https:\/\/festivalznanosti.uniri.hr\/2022\/u-medijima\/\"]}]},{\"@type\":\"BreadcrumbList\",\"@id\":\"https:\/\/festivalznanosti.uniri.hr\/2022\/u-medijima\/#breadcrumb\",\"itemListElement\":[{\"@type\":\"ListItem\",\"position\":1,\"name\":\"Po\u010detna\",\"item\":\"https:\/\/festivalznanosti.uniri.hr\/2022\/\"},{\"@type\":\"ListItem\",\"position\":2,\"name\":\"U medijima\"}]},{\"@type\":\"WebSite\",\"@id\":\"https:\/\/festivalznanosti.uniri.hr\/2022\/#website\",\"url\":\"https:\/\/festivalznanosti.uniri.hr\/2022\/\",\"name\":\"Festival Znanosti, Rijeka 2022\",\"description\":\"Znanost dostupna svima\",\"publisher\":{\"@id\":\"https:\/\/festivalznanosti.uniri.hr\/2022\/#organization\"},\"potentialAction\":[{\"@type\":\"SearchAction\",\"target\":{\"@type\":\"EntryPoint\",\"urlTemplate\":\"https:\/\/festivalznanosti.uniri.hr\/2022\/?s={search_term_string}\"},\"query-input\":\"required name=search_term_string\"}],\"inLanguage\":\"hr\"},{\"@type\":\"Organization\",\"@id\":\"https:\/\/festivalznanosti.uniri.hr\/2022\/#organization\",\"name\":\"Festival Znanosti\",\"url\":\"https:\/\/festivalznanosti.uniri.hr\/2022\/\",\"logo\":{\"@type\":\"ImageObject\",\"inLanguage\":\"hr\",\"@id\":\"https:\/\/festivalznanosti.uniri.hr\/2022\/#\/schema\/logo\/image\/\",\"url\":\"https:\/\/festivalznanosti.uniri.hr\/2022\/wp-content\/uploads\/sites\/4\/2022\/04\/FZ_22_web-scaled-e1650943935612.jpg\",\"contentUrl\":\"https:\/\/festivalznanosti.uniri.hr\/2022\/wp-content\/uploads\/sites\/4\/2022\/04\/FZ_22_web-scaled-e1650943935612.jpg\",\"width\":209,\"height\":211,\"caption\":\"Festival Znanosti\"},\"image\":{\"@id\":\"https:\/\/festivalznanosti.uniri.hr\/2022\/#\/schema\/logo\/image\/\"}}]}<\/script>\n<!-- \/ Yoast SEO plugin. -->","yoast_head_json":{"title":"U medijima - Festival Znanosti, Rijeka 2022","description":"Festival znanosti je manifestacija kojoj je cilj pribli\u017eiti znanost javnosti, odnosno informirati javnost o aktivnostima i rezultatima u podru\u010dju znanosti, pobolj\u0161ati javnu percepciju znanstvenika te motivirati mlade ljude za istra\u017eivanje i stjecanje novih znanja.","robots":{"index":"index","follow":"follow","max-snippet":"max-snippet:-1","max-image-preview":"max-image-preview:large","max-video-preview":"max-video-preview:-1"},"canonical":"https:\/\/festivalznanosti.uniri.hr\/2022\/u-medijima\/","og_locale":"hr_HR","og_type":"article","og_title":"U medijima - Festival Znanosti, Rijeka 2022","og_description":"Festival znanosti je manifestacija kojoj je cilj pribli\u017eiti znanost javnosti, odnosno informirati javnost o aktivnostima i rezultatima u podru\u010dju znanosti, pobolj\u0161ati javnu percepciju znanstvenika te motivirati mlade ljude za istra\u017eivanje i stjecanje novih znanja.","og_url":"https:\/\/festivalznanosti.uniri.hr\/2022\/u-medijima\/","og_site_name":"Festival Znanosti, Rijeka 2022","article_modified_time":"2022-05-04T21:31:42+00:00","twitter_card":"summary_large_image","twitter_misc":{"Procijenjeno vrijeme \u010ditanja":"1 minuta"},"schema":{"@context":"https:\/\/schema.org","@graph":[{"@type":"WebPage","@id":"https:\/\/festivalznanosti.uniri.hr\/2022\/u-medijima\/","url":"https:\/\/festivalznanosti.uniri.hr\/2022\/u-medijima\/","name":"U medijima - Festival Znanosti, Rijeka 2022","isPartOf":{"@id":"https:\/\/festivalznanosti.uniri.hr\/2022\/#website"},"datePublished":"2022-04-25T22:13:49+00:00","dateModified":"2022-05-04T21:31:42+00:00","description":"Festival znanosti je manifestacija kojoj je cilj pribli\u017eiti znanost javnosti, odnosno informirati javnost o aktivnostima i rezultatima u podru\u010dju znanosti, pobolj\u0161ati javnu percepciju znanstvenika te motivirati mlade ljude za istra\u017eivanje i stjecanje novih znanja.","breadcrumb":{"@id":"https:\/\/festivalznanosti.uniri.hr\/2022\/u-medijima\/#breadcrumb"},"inLanguage":"hr","potentialAction":[{"@type":"ReadAction","target":["https:\/\/festivalznanosti.uniri.hr\/2022\/u-medijima\/"]}]},{"@type":"BreadcrumbList","@id":"https:\/\/festivalznanosti.uniri.hr\/2022\/u-medijima\/#breadcrumb","itemListElement":[{"@type":"ListItem","position":1,"name":"Po\u010detna","item":"https:\/\/festivalznanosti.uniri.hr\/2022\/"},{"@type":"ListItem","position":2,"name":"U medijima"}]},{"@type":"WebSite","@id":"https:\/\/festivalznanosti.uniri.hr\/2022\/#website","url":"https:\/\/festivalznanosti.uniri.hr\/2022\/","name":"Festival Znanosti, Rijeka 2022","description":"Znanost dostupna svima","publisher":{"@id":"https:\/\/festivalznanosti.uniri.hr\/2022\/#organization"},"potentialAction":[{"@type":"SearchAction","target":{"@type":"EntryPoint","urlTemplate":"https:\/\/festivalznanosti.uniri.hr\/2022\/?s={search_term_string}"},"query-input":"required name=search_term_string"}],"inLanguage":"hr"},{"@type":"Organization","@id":"https:\/\/festivalznanosti.uniri.hr\/2022\/#organization","name":"Festival Znanosti","url":"https:\/\/festivalznanosti.uniri.hr\/2022\/","logo":{"@type":"ImageObject","inLanguage":"hr","@id":"https:\/\/festivalznanosti.uniri.hr\/2022\/#\/schema\/logo\/image\/","url":"https:\/\/festivalznanosti.uniri.hr\/2022\/wp-content\/uploads\/sites\/4\/2022\/04\/FZ_22_web-scaled-e1650943935612.jpg","contentUrl":"https:\/\/festivalznanosti.uniri.hr\/2022\/wp-content\/uploads\/sites\/4\/2022\/04\/FZ_22_web-scaled-e1650943935612.jpg","width":209,"height":211,"caption":"Festival Znanosti"},"image":{"@id":"https:\/\/festivalznanosti.uniri.hr\/2022\/#\/schema\/logo\/image\/"}}]}},"_links":{"self":[{"href":"https:\/\/festivalznanosti.uniri.hr\/2022\/wp-json\/wp\/v2\/pages\/12"}],"collection":[{"href":"https:\/\/festivalznanosti.uniri.hr\/2022\/wp-json\/wp\/v2\/pages"}],"about":[{"href":"https:\/\/festivalznanosti.uniri.hr\/2022\/wp-json\/wp\/v2\/types\/page"}],"author":[{"embeddable":true,"href":"https:\/\/festivalznanosti.uniri.hr\/2022\/wp-json\/wp\/v2\/users\/1"}],"replies":[{"embeddable":true,"href":"https:\/\/festivalznanosti.uniri.hr\/2022\/wp-json\/wp\/v2\/comments?post=12"}],"version-history":[{"count":6,"href":"https:\/\/festivalznanosti.uniri.hr\/2022\/wp-json\/wp\/v2\/pages\/12\/revisions"}],"predecessor-version":[{"id":533,"href":"https:\/\/festivalznanosti.uniri.hr\/2022\/wp-json\/wp\/v2\/pages\/12\/revisions\/533"}],"wp:attachment":[{"href":"https:\/\/festivalznanosti.uniri.hr\/2022\/wp-json\/wp\/v2\/media?parent=12"}],"curies":[{"name":"wp","href":"https:\/\/api.w.org\/{rel}","templated":true}]}}