{"id":289,"date":"2022-04-26T16:13:41","date_gmt":"2022-04-26T16:13:41","guid":{"rendered":"https:\/\/festivalznanosti.uniri.hr\/2022\/?page_id=289"},"modified":"2022-05-03T22:54:26","modified_gmt":"2022-05-03T22:54:26","slug":"festival-znanosti-rijeka-2022","status":"publish","type":"page","link":"https:\/\/festivalznanosti.uniri.hr\/2022\/","title":{"rendered":"Festival znanosti, Rijeka 2022"},"content":{"rendered":"<div class=\"post-content\"><\/p>\n<h5>Akademija primijenjenih umjetnosti i Centar za inovativne medije Sveu\u010dili\u0161ta u Rijeci<\/h5>\n<p><li>Doga\u0111aji s ove lokacije su zavr\u0161ili. Opisi aktivnosti su jo\u0161 uvijek dostupni na stranici s popisom lokacija.<\/li><\/p>\n<h5>Astronomski centar Rijeka<\/h5>\n<p><li>Doga\u0111aji s ove lokacije su zavr\u0161ili. Opisi aktivnosti su jo\u0161 uvijek dostupni na stranici s popisom lokacija.<\/li><\/p>\n<h5>Centar tehni\u010dke kulture Rijeka<\/h5>\n<p><li>Doga\u0111aji s ove lokacije su zavr\u0161ili. Opisi aktivnosti su jo\u0161 uvijek dostupni na stranici s popisom lokacija.<\/li><\/p>\n<h5>Dje\u010dja ku\u0107a<\/h5>\n<p><li>Doga\u0111aji s ove lokacije su zavr\u0161ili. Opisi aktivnosti su jo\u0161 uvijek dostupni na stranici s popisom lokacija.<\/li><\/p>\n<h5>Ekonomski fakultet u Rijeci<\/h5>\n<p><li>Doga\u0111aji s ove lokacije su zavr\u0161ili. Opisi aktivnosti su jo\u0161 uvijek dostupni na stranici s popisom lokacija.<\/li><\/p>\n<h5>Fakultet informatike i digitalnih tehnologija Sveu\u010dili\u0161ta u Rijeci<\/h5>\n<p><li>Doga\u0111aji s ove lokacije su zavr\u0161ili. Opisi aktivnosti su jo\u0161 uvijek dostupni na stranici s popisom lokacija.<\/li><\/p>\n<h5>Fakultet za fiziku Sveu\u010dili\u0161ta u Rijeci<\/h5>\n<p><li>Doga\u0111aji s ove lokacije su zavr\u0161ili. Opisi aktivnosti su jo\u0161 uvijek dostupni na stranici s popisom lokacija.<\/li><\/p>\n<h5>Fakultet za matematiku Sveu\u010dili\u0161ta u Rijeci<\/h5>\n<p><li>Doga\u0111aji s ove lokacije su zavr\u0161ili. Opisi aktivnosti su jo\u0161 uvijek dostupni na stranici s popisom lokacija.<\/li><\/p>\n<h5>Fakultet zdravstvenih studija Sveu\u010dili\u0161te u Rijeci<\/h5>\n<p><li>Doga\u0111aji s ove lokacije su zavr\u0161ili. Opisi aktivnosti su jo\u0161 uvijek dostupni na stranici s popisom lokacija.<\/li><\/p>\n<h5>Gradska vije\u0107nica Rijeka<\/h5>\n<p><li>Doga\u0111aji s ove lokacije su zavr\u0161ili. Opisi aktivnosti su jo\u0161 uvijek dostupni na stranici s popisom lokacija.<\/li><\/p>\n<h5>Gra\u0111evinski fakultet Sveu\u010dili\u0161ta u Rijeci<\/h5>\n<p><li>Doga\u0111aji s ove lokacije su zavr\u0161ili. Opisi aktivnosti su jo\u0161 uvijek dostupni na stranici s popisom lokacija.<\/li><\/p>\n<h5>Hotelijersko-turisti\u010dkoj \u0161kola Opatija<\/h5>\n<p><li>Doga\u0111aji s ove lokacije su zavr\u0161ili. Opisi aktivnosti su jo\u0161 uvijek dostupni na stranici s popisom lokacija.<\/li><\/p>\n<h5>Kampus Trsat, Zgrada sveu\u010dili\u0161nih odjela<\/h5>\n<p><li>Doga\u0111aji s ove lokacije su zavr\u0161ili. Opisi aktivnosti su jo\u0161 uvijek dostupni na stranici s popisom lokacija.<\/li><\/p>\n<h5>Korzo<\/h5>\n<p><li>Doga\u0111aji s ove lokacije su zavr\u0161ili. Opisi aktivnosti su jo\u0161 uvijek dostupni na stranici s popisom lokacija.<\/li><\/p>\n<h5>MOHO centar<\/h5>\n<p><li>Doga\u0111aji s ove lokacije su zavr\u0161ili. Opisi aktivnosti su jo\u0161 uvijek dostupni na stranici s popisom lokacija.<\/li><\/p>\n<h5>Osnovna \u0161kola Eugen Kumi\u010di\u0107, Rijeka<\/h5>\n<p><li>Doga\u0111aji s ove lokacije su zavr\u0161ili. Opisi aktivnosti su jo\u0161 uvijek dostupni na stranici s popisom lokacija.<\/li><\/p>\n<h5>Osnovna \u0161kola Nikola Tesla<\/h5>\n<p><li>Doga\u0111aji s ove lokacije su zavr\u0161ili. Opisi aktivnosti su jo\u0161 uvijek dostupni na stranici s popisom lokacija.<\/li><\/p>\n<h5>Pala\u010da Moise<\/h5>\n<p><li>Doga\u0111aji s ove lokacije su zavr\u0161ili. Opisi aktivnosti su jo\u0161 uvijek dostupni na stranici s popisom lokacija.<\/li><\/p>\n<h5>Pomorska \u0161kola Bakar<\/h5>\n<p><li>Doga\u0111aji s ove lokacije su zavr\u0161ili. Opisi aktivnosti su jo\u0161 uvijek dostupni na stranici s popisom lokacija.<\/li><\/p>\n<h5>Pomorski fakultet Sveu\u010dili\u0161ta<\/h5>\n<p><li>Doga\u0111aji s ove lokacije su zavr\u0161ili. Opisi aktivnosti su jo\u0161 uvijek dostupni na stranici s popisom lokacija.<\/li><\/p>\n<h5>Pomorski i povijesni muzej Hrvatskoga primorja, Rijeka<\/h5>\n<p><li>Doga\u0111aji s ove lokacije su zavr\u0161ili. Opisi aktivnosti su jo\u0161 uvijek dostupni na stranici s popisom lokacija.<\/li><\/p>\n<h5>Pravni fakultet Sveu\u010dili\u0161ta u Rijeci<\/h5>\n<p><li>Doga\u0111aji s ove lokacije su zavr\u0161ili. Opisi aktivnosti su jo\u0161 uvijek dostupni na stranici s popisom lokacija.<\/li><\/p>\n<h5>Prirodoslovni muzej Rijeka<\/h5>\n<p><li>Doga\u0111aji s ove lokacije su zavr\u0161ili. Opisi aktivnosti su jo\u0161 uvijek dostupni na stranici s popisom lokacija.<\/li><\/p>\n<h5>Prometna \u0161kola Rijeka<\/h5>\n<p><li>Doga\u0111aji s ove lokacije su zavr\u0161ili. Opisi aktivnosti su jo\u0161 uvijek dostupni na stranici s popisom lokacija.<\/li><\/p>\n<h5>River Pub<\/h5>\n<p><li>Doga\u0111aji s ove lokacije su zavr\u0161ili. Opisi aktivnosti su jo\u0161 uvijek dostupni na stranici s popisom lokacija.<\/li><\/p>\n<h5>Snoopy, obrt za dnevnu skrb o djeci<\/h5>\n<p><li>Doga\u0111aji s ove lokacije su zavr\u0161ili. Opisi aktivnosti su jo\u0161 uvijek dostupni na stranici s popisom lokacija.<\/li><\/p>\n<h5>Srednja \u0161kola Hrvatski kralj Zvonimir<\/h5>\n<p><li>Doga\u0111aji s ove lokacije su zavr\u0161ili. Opisi aktivnosti su jo\u0161 uvijek dostupni na stranici s popisom lokacija.<\/li><\/p>\n<h5>U\u010diteljski fakultet Sveu\u010dili\u0161ta u Rijeci<\/h5>\n<p><li>Doga\u0111aji s ove lokacije su zavr\u0161ili. Opisi aktivnosti su jo\u0161 uvijek dostupni na stranici s popisom lokacija.<\/li>\n<\/div>","protected":false},"excerpt":{"rendered":"","protected":false},"author":1,"featured_media":0,"parent":0,"menu_order":0,"comment_status":"closed","ping_status":"closed","template":"","meta":{"_monsterinsights_skip_tracking":false,"_monsterinsights_sitenote_active":false,"_monsterinsights_sitenote_note":"","_monsterinsights_sitenote_category":0,"_themeisle_gutenberg_block_has_review":false,"footnotes":""},"yoast_head":"<!-- This site is optimized with the Yoast SEO plugin v20.5 - https:\/\/yoast.com\/wordpress\/plugins\/seo\/ -->\n<title>Festival znanosti, Rijeka 2022 - Festival Znanosti, Rijeka 2022<\/title>\n<meta name=\"description\" content=\"Festival znanosti je manifestacija kojoj je cilj pribli\u017eiti znanost javnosti, odnosno informirati javnost o aktivnostima i rezultatima u podru\u010dju znanosti, pobolj\u0161ati javnu percepciju znanstvenika te motivirati mlade ljude za istra\u017eivanje i stjecanje novih znanja.\" \/>\n<meta name=\"robots\" content=\"index, follow, max-snippet:-1, max-image-preview:large, max-video-preview:-1\" \/>\n<link rel=\"canonical\" href=\"https:\/\/festivalznanosti.uniri.hr\/2022\/\" \/>\n<meta property=\"og:locale\" content=\"hr_HR\" \/>\n<meta property=\"og:type\" content=\"article\" \/>\n<meta property=\"og:title\" content=\"Festival znanosti, Rijeka 2022 - Festival Znanosti, Rijeka 2022\" \/>\n<meta property=\"og:description\" content=\"Festival znanosti je manifestacija kojoj je cilj pribli\u017eiti znanost javnosti, odnosno informirati javnost o aktivnostima i rezultatima u podru\u010dju znanosti, pobolj\u0161ati javnu percepciju znanstvenika te motivirati mlade ljude za istra\u017eivanje i stjecanje novih znanja.\" \/>\n<meta property=\"og:url\" content=\"https:\/\/festivalznanosti.uniri.hr\/2022\/\" \/>\n<meta property=\"og:site_name\" content=\"Festival Znanosti, Rijeka 2022\" \/>\n<meta property=\"article:modified_time\" content=\"2022-05-03T22:54:26+00:00\" \/>\n<meta name=\"twitter:card\" content=\"summary_large_image\" \/>\n<meta name=\"twitter:label1\" content=\"Procijenjeno vrijeme \u010ditanja\" \/>\n\t<meta name=\"twitter:data1\" content=\"1 minuta\" \/>\n<script type=\"application\/ld+json\" class=\"yoast-schema-graph\">{\"@context\":\"https:\/\/schema.org\",\"@graph\":[{\"@type\":\"WebPage\",\"@id\":\"https:\/\/festivalznanosti.uniri.hr\/2022\/\",\"url\":\"https:\/\/festivalznanosti.uniri.hr\/2022\/\",\"name\":\"Festival znanosti, Rijeka 2022 - Festival Znanosti, Rijeka 2022\",\"isPartOf\":{\"@id\":\"https:\/\/festivalznanosti.uniri.hr\/2022\/#website\"},\"datePublished\":\"2022-04-26T16:13:41+00:00\",\"dateModified\":\"2022-05-03T22:54:26+00:00\",\"description\":\"Festival znanosti je manifestacija kojoj je cilj pribli\u017eiti znanost javnosti, odnosno informirati javnost o aktivnostima i rezultatima u podru\u010dju znanosti, pobolj\u0161ati javnu percepciju znanstvenika te motivirati mlade ljude za istra\u017eivanje i stjecanje novih znanja.\",\"breadcrumb\":{\"@id\":\"https:\/\/festivalznanosti.uniri.hr\/2022\/#breadcrumb\"},\"inLanguage\":\"hr\",\"potentialAction\":[{\"@type\":\"ReadAction\",\"target\":[\"https:\/\/festivalznanosti.uniri.hr\/2022\/\"]}]},{\"@type\":\"BreadcrumbList\",\"@id\":\"https:\/\/festivalznanosti.uniri.hr\/2022\/#breadcrumb\",\"itemListElement\":[{\"@type\":\"ListItem\",\"position\":1,\"name\":\"Po\u010detna\",\"item\":\"https:\/\/festivalznanosti.uniri.hr\/2022\/\"},{\"@type\":\"ListItem\",\"position\":2,\"name\":\"Festival znanosti, Rijeka 2022\"}]},{\"@type\":\"WebSite\",\"@id\":\"https:\/\/festivalznanosti.uniri.hr\/2022\/#website\",\"url\":\"https:\/\/festivalznanosti.uniri.hr\/2022\/\",\"name\":\"Festival Znanosti, Rijeka 2022\",\"description\":\"Znanost dostupna svima\",\"publisher\":{\"@id\":\"https:\/\/festivalznanosti.uniri.hr\/2022\/#organization\"},\"potentialAction\":[{\"@type\":\"SearchAction\",\"target\":{\"@type\":\"EntryPoint\",\"urlTemplate\":\"https:\/\/festivalznanosti.uniri.hr\/2022\/?s={search_term_string}\"},\"query-input\":\"required name=search_term_string\"}],\"inLanguage\":\"hr\"},{\"@type\":\"Organization\",\"@id\":\"https:\/\/festivalznanosti.uniri.hr\/2022\/#organization\",\"name\":\"Festival Znanosti\",\"url\":\"https:\/\/festivalznanosti.uniri.hr\/2022\/\",\"logo\":{\"@type\":\"ImageObject\",\"inLanguage\":\"hr\",\"@id\":\"https:\/\/festivalznanosti.uniri.hr\/2022\/#\/schema\/logo\/image\/\",\"url\":\"https:\/\/festivalznanosti.uniri.hr\/2022\/wp-content\/uploads\/sites\/4\/2022\/04\/FZ_22_web-scaled-e1650943935612.jpg\",\"contentUrl\":\"https:\/\/festivalznanosti.uniri.hr\/2022\/wp-content\/uploads\/sites\/4\/2022\/04\/FZ_22_web-scaled-e1650943935612.jpg\",\"width\":209,\"height\":211,\"caption\":\"Festival Znanosti\"},\"image\":{\"@id\":\"https:\/\/festivalznanosti.uniri.hr\/2022\/#\/schema\/logo\/image\/\"}}]}<\/script>\n<!-- \/ Yoast SEO plugin. -->","yoast_head_json":{"title":"Festival znanosti, Rijeka 2022 - Festival Znanosti, Rijeka 2022","description":"Festival znanosti je manifestacija kojoj je cilj pribli\u017eiti znanost javnosti, odnosno informirati javnost o aktivnostima i rezultatima u podru\u010dju znanosti, pobolj\u0161ati javnu percepciju znanstvenika te motivirati mlade ljude za istra\u017eivanje i stjecanje novih znanja.","robots":{"index":"index","follow":"follow","max-snippet":"max-snippet:-1","max-image-preview":"max-image-preview:large","max-video-preview":"max-video-preview:-1"},"canonical":"https:\/\/festivalznanosti.uniri.hr\/2022\/","og_locale":"hr_HR","og_type":"article","og_title":"Festival znanosti, Rijeka 2022 - Festival Znanosti, Rijeka 2022","og_description":"Festival znanosti je manifestacija kojoj je cilj pribli\u017eiti znanost javnosti, odnosno informirati javnost o aktivnostima i rezultatima u podru\u010dju znanosti, pobolj\u0161ati javnu percepciju znanstvenika te motivirati mlade ljude za istra\u017eivanje i stjecanje novih znanja.","og_url":"https:\/\/festivalznanosti.uniri.hr\/2022\/","og_site_name":"Festival Znanosti, Rijeka 2022","article_modified_time":"2022-05-03T22:54:26+00:00","twitter_card":"summary_large_image","twitter_misc":{"Procijenjeno vrijeme \u010ditanja":"1 minuta"},"schema":{"@context":"https:\/\/schema.org","@graph":[{"@type":"WebPage","@id":"https:\/\/festivalznanosti.uniri.hr\/2022\/","url":"https:\/\/festivalznanosti.uniri.hr\/2022\/","name":"Festival znanosti, Rijeka 2022 - Festival Znanosti, Rijeka 2022","isPartOf":{"@id":"https:\/\/festivalznanosti.uniri.hr\/2022\/#website"},"datePublished":"2022-04-26T16:13:41+00:00","dateModified":"2022-05-03T22:54:26+00:00","description":"Festival znanosti je manifestacija kojoj je cilj pribli\u017eiti znanost javnosti, odnosno informirati javnost o aktivnostima i rezultatima u podru\u010dju znanosti, pobolj\u0161ati javnu percepciju znanstvenika te motivirati mlade ljude za istra\u017eivanje i stjecanje novih znanja.","breadcrumb":{"@id":"https:\/\/festivalznanosti.uniri.hr\/2022\/#breadcrumb"},"inLanguage":"hr","potentialAction":[{"@type":"ReadAction","target":["https:\/\/festivalznanosti.uniri.hr\/2022\/"]}]},{"@type":"BreadcrumbList","@id":"https:\/\/festivalznanosti.uniri.hr\/2022\/#breadcrumb","itemListElement":[{"@type":"ListItem","position":1,"name":"Po\u010detna","item":"https:\/\/festivalznanosti.uniri.hr\/2022\/"},{"@type":"ListItem","position":2,"name":"Festival znanosti, Rijeka 2022"}]},{"@type":"WebSite","@id":"https:\/\/festivalznanosti.uniri.hr\/2022\/#website","url":"https:\/\/festivalznanosti.uniri.hr\/2022\/","name":"Festival Znanosti, Rijeka 2022","description":"Znanost dostupna svima","publisher":{"@id":"https:\/\/festivalznanosti.uniri.hr\/2022\/#organization"},"potentialAction":[{"@type":"SearchAction","target":{"@type":"EntryPoint","urlTemplate":"https:\/\/festivalznanosti.uniri.hr\/2022\/?s={search_term_string}"},"query-input":"required name=search_term_string"}],"inLanguage":"hr"},{"@type":"Organization","@id":"https:\/\/festivalznanosti.uniri.hr\/2022\/#organization","name":"Festival Znanosti","url":"https:\/\/festivalznanosti.uniri.hr\/2022\/","logo":{"@type":"ImageObject","inLanguage":"hr","@id":"https:\/\/festivalznanosti.uniri.hr\/2022\/#\/schema\/logo\/image\/","url":"https:\/\/festivalznanosti.uniri.hr\/2022\/wp-content\/uploads\/sites\/4\/2022\/04\/FZ_22_web-scaled-e1650943935612.jpg","contentUrl":"https:\/\/festivalznanosti.uniri.hr\/2022\/wp-content\/uploads\/sites\/4\/2022\/04\/FZ_22_web-scaled-e1650943935612.jpg","width":209,"height":211,"caption":"Festival Znanosti"},"image":{"@id":"https:\/\/festivalznanosti.uniri.hr\/2022\/#\/schema\/logo\/image\/"}}]}},"_links":{"self":[{"href":"https:\/\/festivalznanosti.uniri.hr\/2022\/wp-json\/wp\/v2\/pages\/289"}],"collection":[{"href":"https:\/\/festivalznanosti.uniri.hr\/2022\/wp-json\/wp\/v2\/pages"}],"about":[{"href":"https:\/\/festivalznanosti.uniri.hr\/2022\/wp-json\/wp\/v2\/types\/page"}],"author":[{"embeddable":true,"href":"https:\/\/festivalznanosti.uniri.hr\/2022\/wp-json\/wp\/v2\/users\/1"}],"replies":[{"embeddable":true,"href":"https:\/\/festivalznanosti.uniri.hr\/2022\/wp-json\/wp\/v2\/comments?post=289"}],"version-history":[{"count":16,"href":"https:\/\/festivalznanosti.uniri.hr\/2022\/wp-json\/wp\/v2\/pages\/289\/revisions"}],"predecessor-version":[{"id":306,"href":"https:\/\/festivalznanosti.uniri.hr\/2022\/wp-json\/wp\/v2\/pages\/289\/revisions\/306"}],"wp:attachment":[{"href":"https:\/\/festivalznanosti.uniri.hr\/2022\/wp-json\/wp\/v2\/media?parent=289"}],"curies":[{"name":"wp","href":"https:\/\/api.w.org\/{rel}","templated":true}]}}