{"id":551,"date":"2024-04-25T01:42:50","date_gmt":"2024-04-25T01:42:50","guid":{"rendered":"https:\/\/festivalznanosti.uniri.hr\/2024\/?page_id=551"},"modified":"2024-04-25T01:46:01","modified_gmt":"2024-04-25T01:46:01","slug":"azoo-obrazac","status":"publish","type":"page","link":"https:\/\/festivalznanosti.uniri.hr\/2024\/azoo-obrazac\/","title":{"rendered":"AZOO obrazac"},"content":{"rendered":"\n<div class=\"guten-element gutenverse-text-editor guten-XDw0Zj\"><div class=\"text-content-inner\">\n<div class=\"guten-element gutenverse-text-editor guten-f4BBJ1\"><div class=\"text-content-inner\">\n<p class=\"has-text-align-center\">Sudjelovanjem u aktivnostima Festivala znanosti u Rijeci obrazovim je djelatnicima omogu\u0107eno usavr\u0161avanje koje priznaje AZOO. Potrebna je prijava na ettaedu (savjetnik Nikolaus) te barem 7 potpisa u obrazcu.<\/p>\n<\/div><\/div>\n<\/div><\/div>\n\n\n\n<div class=\"wp-block-file aligncenter\"><a id=\"wp-block-file--media-afb06e78-567a-4c1d-9709-c0842789244d\" href=\"https:\/\/festivalznanosti.uniri.hr\/2024\/wp-content\/uploads\/sites\/7\/2024\/04\/2024FZ-AZOO.docx\">2024FZ-AZOO<\/a><a href=\"https:\/\/festivalznanosti.uniri.hr\/2024\/wp-content\/uploads\/sites\/7\/2024\/04\/2024FZ-AZOO.docx\" class=\"wp-block-file__button wp-element-button\" download aria-describedby=\"wp-block-file--media-afb06e78-567a-4c1d-9709-c0842789244d\">Preuzmi<\/a><\/div>\n\n\n\n<div class=\"section-wrapper\" data-id=\"YlgQIT\"><section class=\"wp-block-gutenverse-section guten-element guten-section guten-YlgQIT layout-boxed align-stretch\"><div class=\"guten-background-overlay\"><\/div><div class=\"guten-shape-divider guten-shape-divider-top\"><\/div><div class=\"guten-shape-divider guten-shape-divider-bottom\"><\/div><div class=\"guten-container guten-column-gap-default\">\n<div class=\"wp-block-gutenverse-column guten-element guten-column guten-1FO8ms\"><div class=\"guten-background-overlay\"><\/div><div class=\"sticky-wrapper\" data-id=\"1FO8ms\"><div class=\"guten-column-wrapper\">\n<div class=\"guten-element guten-accordions guten-vADqTl\">\n<div class=\"accordion-item\"><div class=\"accordion-heading\"><div class=\"accordion-icon\"><span class=\"accordion-icon-open\"><i class=\"fas fa-minus\"><\/i><\/span><span class=\"accordion-icon-closed\"><i class=\"fas fa-plus\"><\/i><\/span><\/div><span class=\"accordion-text\"><strong>22. TRAVANJ &nbsp; &nbsp; P O N E D J E L J A K<\/strong><\/span><\/div><div class=\"accordion-body\"><div class=\"accordion-content\">\n<figure class=\"wp-block-table\"><table><tbody><tr><td colspan=\"3\"><strong>Dje\u010dja ku\u0107a<\/strong><\/td><\/tr><tr><td>12.00 \u2013 13.30<\/td><td>Tribina<\/td><td><em>Kada \u0107e roboti imati visoku emocionalnu inteligenciju?<\/em>, gost: Vladimir Tak\u0161i\u0107; moderatorica: Jasminka Ledi\u0107<\/td><\/tr><\/tbody><\/table><\/figure>\n<\/div><\/div><\/div>\n\n\n\n<div class=\"accordion-item\"><div class=\"accordion-heading\"><div class=\"accordion-icon\"><span class=\"accordion-icon-open\"><i class=\"fas fa-minus\"><\/i><\/span><span class=\"accordion-icon-closed\"><i class=\"fas fa-plus\"><\/i><\/span><\/div><span class=\"accordion-text\"><strong>23. TRAVANJ &nbsp; &nbsp; U T O R A K<\/strong><\/span><\/div><div class=\"accordion-body\"><div class=\"accordion-content\">\n<figure class=\"wp-block-table\"><table><tbody><tr><td colspan=\"3\"><strong>Kampus Trsat, Zgrada sveu\u010dili\u0161nih odjela<\/strong><\/td><\/tr><tr><td>11.00 \u2013 12.00<\/td><td>Predavanje<\/td><td><em>O meteorologiji i klimatologiji pustinjske pra\u0161ine na Jadranu<\/em>Boris Mifka<\/td><\/tr><tr><td>12.00 \u2013 13.00<\/td><td>Predavanje<\/td><td><em>\u0160to su nas nau\u010dili biljni lijekovi<\/em>Stribor Markovi\u0107<\/td><\/tr><tr><td>12.00 \u2013 13.00<\/td><td>Predavanje<\/td><td><em>Magija, umjetna inteligencija ili pametno in\u017eenjerstvo<\/em><em>Rok Piltaver<\/em><\/td><\/tr><tr><td>13.00 \u2013 14.00<\/td><td>Okrugli stol<\/td><td>Uzbudljive karijere na\u0161ih matemati\u010dara<\/td><\/tr><tr><td colspan=\"3\"><strong>Gradska knji\u017enica Rijeka<\/strong><\/td><\/tr><tr><td>17.00 \u2013 18.00<\/td><td>Predavanje<\/td><td>\u017deljka Modri\u0107 Surina: <em>Koliko su hobotnice inteligentne, a koliko ljudi \u017eele da to budu?<\/em><\/td><\/tr><tr><td>18.00 \u2013 19.00<\/td><td>Predavanje<\/td><td><em>Inteligencija u divljini i divlje u inteligenciji: susret prirode i prava<\/em>, sudjeluju: Sanja Bari\u0107, Sandra Winkler i \u017deljka Modri\u0107 Surina<\/td><\/tr><\/tbody><\/table><\/figure>\n<\/div><\/div><\/div>\n\n\n\n<div class=\"accordion-item\"><div class=\"accordion-heading\"><div class=\"accordion-icon\"><span class=\"accordion-icon-open\"><i class=\"fas fa-minus\"><\/i><\/span><span class=\"accordion-icon-closed\"><i class=\"fas fa-plus\"><\/i><\/span><\/div><span class=\"accordion-text\"><strong>24. TRAVANJ &nbsp; &nbsp; S R I J E D A<\/strong><\/span><\/div><div class=\"accordion-body\"><div class=\"accordion-content\">\n<figure class=\"wp-block-table\"><table><tbody><tr><td colspan=\"3\"><strong>Dje\u010dja ku\u0107a,<\/strong><strong> Rijeka<\/strong><\/td><\/tr><tr><td>17.00 \u2013 18.00<\/td><td>Predavanje<\/td><td>Sanja Devi\u0107 Pavli\u0107, Nina Pereza i Tea Mladeni\u0107: <em>Medicinska genetika u modernoj medicini<\/em><\/td><\/tr><tr><td>18.00 \u2013 19.00<\/td><td>Predavanje<\/td><td>Nenad Kralj: <em>Optomehanika: od gravitacijskih valova do kvantnih ra\u010dunala<\/em><\/td><\/tr><\/tbody><\/table><\/figure>\n<\/div><\/div><\/div>\n\n\n\n<div class=\"accordion-item\"><div class=\"accordion-heading\"><div class=\"accordion-icon\"><span class=\"accordion-icon-open\"><i class=\"fas fa-minus\"><\/i><\/span><span class=\"accordion-icon-closed\"><i class=\"fas fa-plus\"><\/i><\/span><\/div><span class=\"accordion-text\"><strong>25. TRAVANJ &nbsp; &nbsp; \u010c E T V R T A K<\/strong><\/span><\/div><div class=\"accordion-body\"><div class=\"accordion-content\">\n<figure class=\"wp-block-table\"><table><tbody><tr><td colspan=\"3\"><strong>Dje\u010dja ku\u0107a,<\/strong><strong> Rijeka<\/strong><\/td><\/tr><tr><td>17.30 \u2013 18.00<\/td><td>Predavanje<\/td><td>Karlo Bla\u017eeti\u0107: <em>Umjetna inteligencija u radiologiji<\/em><\/td><\/tr><tr><td>18.00 \u2013 19.30<\/td><td>Tribina<\/td><td><em>Umjetna inteligencija u istra\u017eivanju i inovacijama te u nastavi \u2013 ogromne mogu\u0107nosti i eti\u010dke dvojbe<\/em>, panelisti: Sa\u0161a Zelenika, Ana Me\u0161trovi\u0107, Ana Po\u0161\u010di\u0107, Jonatan Lerga, Damir Medved<\/td><\/tr><\/tbody><\/table><\/figure>\n<\/div><\/div><\/div>\n\n\n\n<div class=\"accordion-item\"><div class=\"accordion-heading\"><div class=\"accordion-icon\"><span class=\"accordion-icon-open\"><i class=\"fas fa-minus\"><\/i><\/span><span class=\"accordion-icon-closed\"><i class=\"fas fa-plus\"><\/i><\/span><\/div><span class=\"accordion-text\"><strong>26. TRAVANJ &nbsp; &nbsp; P E T A K<\/strong><\/span><\/div><div class=\"accordion-body\"><div class=\"accordion-content\">\n<figure class=\"wp-block-table\"><table><tbody><tr><td colspan=\"3\"><strong>Gradska vije\u0107nica Rijeka<\/strong><\/td><\/tr><tr><td>11.00 \u2013 12.00<\/td><td>Predavanje<\/td><td>Andrea \u0160vob: <em>Matematika i umjetna inteligencija<\/em><\/td><\/tr><tr><td>12.00 \u2013 13.00<\/td><td>Predavanje<\/td><td>Virna Kisi\u010dek: <em>Magnetoelektrici \u2013 temelj visokotehnolo\u0161kih inovacija<\/em><\/td><\/tr><\/tbody><\/table><\/figure>\n<\/div><\/div><\/div>\n<\/div>\n<\/div><\/div><\/div>\n<\/div><\/section><\/div>\n","protected":false},"excerpt":{"rendered":"","protected":false},"author":1,"featured_media":0,"parent":0,"menu_order":0,"comment_status":"closed","ping_status":"closed","template":"","meta":{"_monsterinsights_skip_tracking":false,"_monsterinsights_sitenote_active":false,"_monsterinsights_sitenote_note":"","_monsterinsights_sitenote_category":0,"_themeisle_gutenberg_block_has_review":false,"footnotes":""},"yoast_head":"<!-- This site is optimized with the Yoast SEO plugin v20.5 - https:\/\/yoast.com\/wordpress\/plugins\/seo\/ -->\n<title>AZOO obrazac - Festival Znanosti, Rijeka 2024<\/title>\n<meta name=\"robots\" content=\"index, follow, max-snippet:-1, max-image-preview:large, max-video-preview:-1\" \/>\n<link rel=\"canonical\" href=\"https:\/\/festivalznanosti.uniri.hr\/2024\/azoo-obrazac\/\" \/>\n<meta property=\"og:locale\" content=\"hr_HR\" \/>\n<meta property=\"og:type\" content=\"article\" \/>\n<meta property=\"og:title\" content=\"AZOO obrazac - Festival Znanosti, Rijeka 2024\" \/>\n<meta property=\"og:url\" content=\"https:\/\/festivalznanosti.uniri.hr\/2024\/azoo-obrazac\/\" \/>\n<meta property=\"og:site_name\" content=\"Festival Znanosti, Rijeka 2024\" \/>\n<meta property=\"article:modified_time\" content=\"2024-04-25T01:46:01+00:00\" \/>\n<meta name=\"twitter:card\" content=\"summary_large_image\" \/>\n<meta name=\"twitter:label1\" content=\"Procijenjeno vrijeme \u010ditanja\" \/>\n\t<meta name=\"twitter:data1\" content=\"2 minute\" \/>\n<script type=\"application\/ld+json\" class=\"yoast-schema-graph\">{\"@context\":\"https:\/\/schema.org\",\"@graph\":[{\"@type\":\"WebPage\",\"@id\":\"https:\/\/festivalznanosti.uniri.hr\/2024\/azoo-obrazac\/\",\"url\":\"https:\/\/festivalznanosti.uniri.hr\/2024\/azoo-obrazac\/\",\"name\":\"AZOO obrazac - Festival Znanosti, Rijeka 2024\",\"isPartOf\":{\"@id\":\"https:\/\/festivalznanosti.uniri.hr\/2024\/#website\"},\"datePublished\":\"2024-04-25T01:42:50+00:00\",\"dateModified\":\"2024-04-25T01:46:01+00:00\",\"breadcrumb\":{\"@id\":\"https:\/\/festivalznanosti.uniri.hr\/2024\/azoo-obrazac\/#breadcrumb\"},\"inLanguage\":\"hr\",\"potentialAction\":[{\"@type\":\"ReadAction\",\"target\":[\"https:\/\/festivalznanosti.uniri.hr\/2024\/azoo-obrazac\/\"]}]},{\"@type\":\"BreadcrumbList\",\"@id\":\"https:\/\/festivalznanosti.uniri.hr\/2024\/azoo-obrazac\/#breadcrumb\",\"itemListElement\":[{\"@type\":\"ListItem\",\"position\":1,\"name\":\"Po\u010detna\",\"item\":\"https:\/\/festivalznanosti.uniri.hr\/2024\/\"},{\"@type\":\"ListItem\",\"position\":2,\"name\":\"AZOO obrazac\"}]},{\"@type\":\"WebSite\",\"@id\":\"https:\/\/festivalznanosti.uniri.hr\/2024\/#website\",\"url\":\"https:\/\/festivalznanosti.uniri.hr\/2024\/\",\"name\":\"Festival Znanosti, Rijeka 2024\",\"description\":\"Znanost dostupna svima\",\"publisher\":{\"@id\":\"https:\/\/festivalznanosti.uniri.hr\/2024\/#organization\"},\"potentialAction\":[{\"@type\":\"SearchAction\",\"target\":{\"@type\":\"EntryPoint\",\"urlTemplate\":\"https:\/\/festivalznanosti.uniri.hr\/2024\/?s={search_term_string}\"},\"query-input\":\"required name=search_term_string\"}],\"inLanguage\":\"hr\"},{\"@type\":\"Organization\",\"@id\":\"https:\/\/festivalznanosti.uniri.hr\/2024\/#organization\",\"name\":\"Festival znanosti Rijeka\",\"url\":\"https:\/\/festivalznanosti.uniri.hr\/2024\/\",\"logo\":{\"@type\":\"ImageObject\",\"inLanguage\":\"hr\",\"@id\":\"https:\/\/festivalznanosti.uniri.hr\/2024\/#\/schema\/logo\/image\/\",\"url\":\"\",\"contentUrl\":\"\",\"caption\":\"Festival znanosti Rijeka\"},\"image\":{\"@id\":\"https:\/\/festivalznanosti.uniri.hr\/2024\/#\/schema\/logo\/image\/\"}}]}<\/script>\n<!-- \/ Yoast SEO plugin. -->","yoast_head_json":{"title":"AZOO obrazac - Festival Znanosti, Rijeka 2024","robots":{"index":"index","follow":"follow","max-snippet":"max-snippet:-1","max-image-preview":"max-image-preview:large","max-video-preview":"max-video-preview:-1"},"canonical":"https:\/\/festivalznanosti.uniri.hr\/2024\/azoo-obrazac\/","og_locale":"hr_HR","og_type":"article","og_title":"AZOO obrazac - Festival Znanosti, Rijeka 2024","og_url":"https:\/\/festivalznanosti.uniri.hr\/2024\/azoo-obrazac\/","og_site_name":"Festival Znanosti, Rijeka 2024","article_modified_time":"2024-04-25T01:46:01+00:00","twitter_card":"summary_large_image","twitter_misc":{"Procijenjeno vrijeme \u010ditanja":"2 minute"},"schema":{"@context":"https:\/\/schema.org","@graph":[{"@type":"WebPage","@id":"https:\/\/festivalznanosti.uniri.hr\/2024\/azoo-obrazac\/","url":"https:\/\/festivalznanosti.uniri.hr\/2024\/azoo-obrazac\/","name":"AZOO obrazac - Festival Znanosti, Rijeka 2024","isPartOf":{"@id":"https:\/\/festivalznanosti.uniri.hr\/2024\/#website"},"datePublished":"2024-04-25T01:42:50+00:00","dateModified":"2024-04-25T01:46:01+00:00","breadcrumb":{"@id":"https:\/\/festivalznanosti.uniri.hr\/2024\/azoo-obrazac\/#breadcrumb"},"inLanguage":"hr","potentialAction":[{"@type":"ReadAction","target":["https:\/\/festivalznanosti.uniri.hr\/2024\/azoo-obrazac\/"]}]},{"@type":"BreadcrumbList","@id":"https:\/\/festivalznanosti.uniri.hr\/2024\/azoo-obrazac\/#breadcrumb","itemListElement":[{"@type":"ListItem","position":1,"name":"Po\u010detna","item":"https:\/\/festivalznanosti.uniri.hr\/2024\/"},{"@type":"ListItem","position":2,"name":"AZOO obrazac"}]},{"@type":"WebSite","@id":"https:\/\/festivalznanosti.uniri.hr\/2024\/#website","url":"https:\/\/festivalznanosti.uniri.hr\/2024\/","name":"Festival Znanosti, Rijeka 2024","description":"Znanost dostupna svima","publisher":{"@id":"https:\/\/festivalznanosti.uniri.hr\/2024\/#organization"},"potentialAction":[{"@type":"SearchAction","target":{"@type":"EntryPoint","urlTemplate":"https:\/\/festivalznanosti.uniri.hr\/2024\/?s={search_term_string}"},"query-input":"required name=search_term_string"}],"inLanguage":"hr"},{"@type":"Organization","@id":"https:\/\/festivalznanosti.uniri.hr\/2024\/#organization","name":"Festival znanosti Rijeka","url":"https:\/\/festivalznanosti.uniri.hr\/2024\/","logo":{"@type":"ImageObject","inLanguage":"hr","@id":"https:\/\/festivalznanosti.uniri.hr\/2024\/#\/schema\/logo\/image\/","url":"","contentUrl":"","caption":"Festival znanosti Rijeka"},"image":{"@id":"https:\/\/festivalznanosti.uniri.hr\/2024\/#\/schema\/logo\/image\/"}}]}},"_links":{"self":[{"href":"https:\/\/festivalznanosti.uniri.hr\/2024\/wp-json\/wp\/v2\/pages\/551"}],"collection":[{"href":"https:\/\/festivalznanosti.uniri.hr\/2024\/wp-json\/wp\/v2\/pages"}],"about":[{"href":"https:\/\/festivalznanosti.uniri.hr\/2024\/wp-json\/wp\/v2\/types\/page"}],"author":[{"embeddable":true,"href":"https:\/\/festivalznanosti.uniri.hr\/2024\/wp-json\/wp\/v2\/users\/1"}],"replies":[{"embeddable":true,"href":"https:\/\/festivalznanosti.uniri.hr\/2024\/wp-json\/wp\/v2\/comments?post=551"}],"version-history":[{"count":5,"href":"https:\/\/festivalznanosti.uniri.hr\/2024\/wp-json\/wp\/v2\/pages\/551\/revisions"}],"predecessor-version":[{"id":559,"href":"https:\/\/festivalznanosti.uniri.hr\/2024\/wp-json\/wp\/v2\/pages\/551\/revisions\/559"}],"wp:attachment":[{"href":"https:\/\/festivalznanosti.uniri.hr\/2024\/wp-json\/wp\/v2\/media?parent=551"}],"curies":[{"name":"wp","href":"https:\/\/api.w.org\/{rel}","templated":true}]}}